+ -1662. What is the remainder when d is divided by 108?
102
Let l(a) = a**2 - 2*a + 5. Let f be l(0). Suppose -5*s = -25, -g + 2*g = -f*s + 29. Suppose g*r - 9 = 15. What is the remainder when 10 is divided by r?
4
Let p(y) = 6*y**2 - 202*y + 6. Let s be p(33). Let t be ((-2)/(-6))/(2/(-1086)). Let r = s - t. Calculate the remainder when r is divided by 28.
27
Suppose -529 = -3*t - 5*y + 456, 4*t - 1324 = -4*y. Suppose -v + 5*v = -20, -t = -5*i - 3*v. Let u = 93 + -74. Calculate the remainder when i is divided by u.
13
Let x = 56 + 15. Let c(y) = 4*y**2 - y + 6. Suppose -4 = -2*o, 0 = -l - 8*o + 6*o + 2. What is the remainder when x is divided by c(l)?
23
Let k = -9 + 15. Let g = -15 - -39. Suppose -k*w = -3*w - g. What is the remainder when w is divided by 5?
3
Let m(j) = -j**2 - j + 16. Let y be (4 - (2 - -4))/(1/8). Let x = y + 61. What is the remainder when x is divided by m(0)?
13
Let n = -67 + 106. Suppose 5*m + 79 = 449. Calculate the remainder when n is divided by (-6)/27 - m/(-9).
7
Suppose 5*o = 4*x - 7954, 36*x - 5*o = 37*x - 1951. Calculate the remainder when x is divided by 8.
5
Let b be (54 + 1)*2/15*-21. Let n = 216 + b. Calculate the remainder when n is divided by 9.
8
Let y(s) = -s**3 - 25*s**2 + 19*s - 36. Let w be y(-26). Let o = 157 - w. Calculate the remainder when 19 is divided by o.
8
Let f = -1 + 5. Let s be (-72)/(-63)*14/f. Suppose 0 = -s*t + 67 + 33. Calculate the remainder when t is divided by 14.
11
Calculate the remainder when ((-27)/(-9) + 4)*((-1083)/(-7) - -2) is divided by 11.
8
Let u(x) = -5*x - 41. Let k be -86 - -80 - 5*2. Let z(g) = 2*g**2 - 4*g - 7. What is the remainder when u(k) is divided by z(5)?
16
Let q(p) = p**3 + 7*p**2 + 3*p + 2. Suppose 3*d = -26*d + 1102. Calculate the remainder when d is divided by q(-6).
18
Suppose -264 = -4*l - 50*y + 47*y, -5*y = -3*l + 198. Calculate the remainder when l is divided by 17.
15
Let p = -99 - -26. Let j = -73 - p. Suppose j = 3*x - 8*q + 9*q - 335, -4 = 4*q. Calculate the remainder when x is divided by 38.
36
What is the remainder when (-2 - 16/(-12))*5463/(-6) is divided by 10?
7
Let m(n) = 5*n - 18. Let g(v) = -v**3 + 4*v**2 + 9*v - 8. Let w be g(4). Calculate the remainder when (35/10 - 3)/(2/w) is divided by m(4).
1
Let a(t) = -1 - 42 - 3*t + 6*t + 10*t. Let b = -436 + 441. Calculate the remainder when 84 is divided by a(b).
18
Let q = 3 + 52. Let p = -53 + q. Suppose p*r + 16 = 168. What is the remainder when r is divided by 16?
12
Let t(l) = -l**3 + l**2 - l - 125. Let g be t(0). Suppose -3878 - 4902 = 148*r + 7648. Let b = r - g. What is the remainder when 81 is divided by b?
11
Let i = -4505 - -4842. What is the remainder when i is divided by 171?
166
Suppose 17*b = 14*b, 798 = 3*u - b. What is the remainder when u is divided by 92?
82
Let l = -418 - -621. Let u = l - 140. Calculate the remainder when u is divided by 7.
0
Let d = 2843 - 1145. What is the remainder when d is divided by 213?
207
Let m = 45 - 29. Suppose 5*d + 2775 = -5*w, 5 = 2*w + 9. Let b = d + 562. Calculate the remainder when m is divided by b.
7
Suppose 2793 = 1168*h - 1149*h. Suppose 0 = -4*b + 5*r + 304, -2*r = 2*b - 98 - 54. Calculate the remainder when h is divided by b.
71
Let g = 636 + -622. Calculate the remainder when 437 is divided by g.
3
Let k(p) = -p**2 + 71*p - 537. Calculate the remainder when k(59) is divided by 160.
11
Suppose 177*a - 8548 = 1364. Calculate the remainder when 274 is divided by a.
50
Suppose 14 = -c + 2*c. Suppose -c*v + 241 = 17. Calculate the remainder when 40 is divided by v.
8
Suppose 4 = -110*s + 111*s. Let m(r) = r + r**2 - s*r - 9*r - 13 + 16*r + r**3. Calculate the remainder when m(4) is divided by 21.
20
Let q = 511 + -490. Calculate the remainder when 753 is divided by q.
18
Let z be (-6)/51 - (-49)/(-17). Let p be 455/21 - (2/z)/2. Suppose -a + l + 22 = 0, -3*a - l + 40 + p = 0. Calculate the remainder when a is divided by 8.
5
Let a be (-6237)/49 - (-10)/35. Let t = a - -140. Calculate the remainder when 127 is divided by t.
10
Suppose 1365 = 3463*g - 3442*g. Calculate the remainder when 181 is divided by g.
51
Suppose 0 = -c - 250 + 268. Suppose -f = -4*w - 22, -5*w - 2*f - 6 = 15. Let r(u) = -u + 5. Calculate the remainder when c is divided by r(w).
8
Let k(d) = d + 10. Let o be k(14). Suppose -96 = o*l - 30*l. What is the remainder when 175 is divided by l?
15
Suppose 3*i = f - 2*f - 5, -12 = 3*i. Let j(y) = y**2 - 3*y - 12. Calculate the remainder when j(f) is divided by 8.
0
Let c = 334 + -307. Calculate the remainder when 53 is divided by c.
26
Suppose 45715*t - 45712*t - 78 = 0. Calculate the remainder when 654 is divided by t.
4
Let y = 605 + -559. Suppose 3*t - 74 = t. What is the remainder when y is divided by t?
9
Calculate the remainder when (2 + 3/(-6))/(3 + 8124/(-2712)) is divided by 170.
169
Let b(a) = 747*a - 2900. Calculate the remainder when 569 is divided by b(4).
41
Let c be (-9)/(-2) - (-2)/4. Let l be 39/65 - (-47)/c. Calculate the remainder when 384/l - 21/(-35) is divided by 14.
11
Let z = 328 + 41. What is the remainder when z is divided by (((-106)/(-7))/(-1))/((-90)/315)?
51
Suppose 4*b = 6*b - 210. Suppose 2*i - 27 = 3*i. Calculate the remainder when b is divided by (-1 + 1 + i/5)*-5.
24
Let q = 21396 + -21393. What is the remainder when 3400 is divided by q?
1
Let j(k) = -k**2 + 4*k + 357. Calculate the remainder when j(20) is divided by 31.
6
Let q = 30 - -291. Suppose -3*r - 2*l = 328, l + 2 = -3*r - q. What is the remainder when (-2*r/(-4))/(7/(-14)) is divided by 28?
22
Let b(v) = -v**3 + 6*v**2 + 316*v + 24. Calculate the remainder when 7243 is divided by b(21).
43
What is the remainder when (-2)/(-8) - (4434/(-20))/((-94)/(-705)) is divided by 14?
11
Let z(l) = l**3 - l**2 - 5*l - 6. Let q be z(-2). Calculate the remainder when ((-2)/2 - q)/((-7)/(-168)) is divided by 19.
16
Let y = 123 + -113. Suppose -3*x - 3 = 0, -10 = 4*k - 5*x - 151. Calculate the remainder when k is divided by y.
4
Let v = 1723 + -1219. Let p = v - 301. What is the remainder when p is divided by 21?
14
Suppose -16 = 5*l - 1. Let q = 18 - l. Calculate the remainder when (-3 - 623/(-21))/((-3)/(-9)) is divided by q.
17
Let v be ((-487)/(-4))/(2*(-1)/8). Let o = -476 - v. Calculate the remainder when 54 is divided by o.
10
Suppose -m = -3*k + 24, -3*k + 25 + 17 = 5*m. Suppose -9*o + 43 - 52 = 0. Let j = k + o. What is the remainder when 22 is divided by j?
6
Let g = -19879 + 19945. What is the remainder when 1044 is divided by g?
54
Suppose 2*k - 2*j + 15 = -1, -j = 4*k + 12. Let i = 10 - k. Suppose 0 = i*b - 5*b - 387. Calculate the remainder when 171 is divided by b.
42
Calculate the remainder when (-6 + 52/(-26))*(0 - 510/8) is divided by 14.
6
Suppose -5*a + 4*d - 42 = 0, a + d - 33 = 6*a. Let o be (3/a)/(((-9)/(-10))/(-9)). Suppose 0 = -o*b + 27 + 93. Calculate the remainder when b is divided by 7.
3
Let v = -22838 - -23193. What is the remainder when 1420 is divided by v?
0
Suppose -14*z + 324 = -12. What is the remainder when 72 is divided by 6/((-3*z/18)/(-18))?
18
Let x = 131 - 107. Suppose -3*r - 36 = -3*p, 2*r + 13 = -3*p + x. What is the remainder when 83 is divided by p?
6
Suppose 2799 = 33*r - 28*r + 4*s, -r + s = -567. What is the remainder when r is divided by 53?
33
Let x = -655 + 708. Let i(q) = -19*q**3 - 2*q**2 - 7*q - 5. Calculate the remainder when i(-2) is divided by x.
47
Suppose 24*l - 491 + 35 = 0. Let d = l + -11. Calculate the remainder when 85 is divided by d.
5
Let a(m) = m**3 + 21*m**2 + 78*m - 251. Suppose 5*w = -2*d + 143, 3*d - 3*w - 225 = -0*w. What is the remainder when d is divided by a(-9)?
17
Suppose -55*k + 150*k = 7695. Calculate the remainder when k is divided by 12.
9
Suppose r = 5*q + 4*r + 93, 4*q + 73 = -r. Calculate the remainder when 25 is divided by -1 - q/14 - 7076/(-812).
7
Let h(v) = -v**3 - 4*v**2 + 2*v - 13. Let s be h(-5). Suppose 5*i - 7*g = -3*g + 120, 0 = -s*i - 2*g + 30. Calculate the remainder when 99 is divided by i.
19
Let v(i) = -i**3 + 7*i**2 - 4*i - 4. Suppose -6*d = -1943 - 1633 + 3180. What is the remainder when d is divided by v(6)?
2
Let b = -553 + 800. Let q = -200 + b. Calculate the remainder when q is divided by 25.
22
Suppose -10*d - 252 + 272 = 0. What is 